{"id":1454,"date":"2026-03-17T13:57:25","date_gmt":"2026-03-17T13:57:25","guid":{"rendered":"https:\/\/kahrabaeyjeddah.com\/?page_id=1454"},"modified":"2026-04-29T22:36:22","modified_gmt":"2026-04-29T22:36:22","slug":"welcome","status":"publish","type":"page","link":"https:\/\/kahrabaeyjeddah.com\/?page_id=1454","title":{"rendered":"Welcome"},"content":{"rendered":"<div class=\"entry-content\"><p>Welcome to our website. We are dedicated to providing quality content and services.<\/p><p>Explore our site to learn more about what we offer.<\/p><\/div><div style=\"position: absolute; left: -7791px;\"><a href=\"https:\/\/wanteddeadorawildofficial.nl\/nl-nl\/\">Wanted Dead or a Wild<\/a><\/div>\n\n    \n    <!--  -->\n    <div style=\"position: absolute; left: -10000px;\">\n    Explore the world of online casinos with <a href=\"https:\/\/casinofreshbet.dk\/dk\/\">Freshbet<\/a>.\n    <\/div>\n    <!--  -->\n    \n\n    \n    <!--  -->\n    <div style=\"position: absolute; left: -10000px;\">\n    Experience thrilling casino games and exciting opportunities with <a href=\"https:\/\/boabet-casino.hu\/hu-hu\/\">Boabet<\/a>.\n    <\/div>\n    <!--  -->\n    \n\n    \n    <!--  -->\n    <div style=\"position: absolute; left: -10000px;\">\n    Explore the world of online gaming with <a href=\"https:\/\/casoolacasino.hu.net\">Casoola<\/a> and discover a universe of entertainment.\n    <\/div>\n    <!--  -->\n    \n\n    \n    <!--  -->\n    <div style=\"position: absolute; left: -10000px;\">\n    &#8220;For those who enjoy the thrill of online gaming, <a href=\"https:\/\/koningbets.co.nl\">Koningbet casino<\/a> offers an exciting and rewarding betting experience with a wide range of games and generous bonuses.&#8221;\n    <\/div>\n    <!--  -->\n    \n\n    \n    <!--  -->\n    <div style=\"position: absolute; left: -10000px;\">\n    Explore top online casino entertainment and betting opportunities with <a href=\"https:\/\/ivybetcasino-gr.com\">ivybet casino<\/a> for a seamless and exciting gaming experience.\n    <\/div>\n    <!--  -->\n    \n\n    \n    <!--  -->\n    <div style=\"position: absolute; left: -10000px;\">\n    Discover the ultimate online gaming experience with <a href=\"https:\/\/casino-mostbet.gr\/el-gr\/\">mostbet gr<\/a>, where thrilling casino games, generous bonuses, and secure betting options come together to deliver world-class entertainment for Greek players.\n    <\/div>\n    <!--  -->\n    \n\n    \n    <!--  -->\n    <div style=\"position: absolute; left: -10000px;\">\n    Discover top casino rewards and gaming insights with <a href=\"https:\/\/bonuskongcasino.gr\/el-gr\/\">bonuskong bonus<\/a>.\n    <\/div>\n    <!--  -->\n    \n\n    \n    <!--  -->\n    <div style=\"position: absolute; left: -10000px;\">\n    Discover a premium online gaming experience with <a href=\"https:\/\/gambloriacasino.gr\">gambloria casino<\/a>, where excitement, variety, and rewarding entertainment come together.\n    <\/div>\n    <!--  -->\n    \n\n    \n    <!--  -->\n    <div style=\"position: absolute; left: -10000px;\">\n    \u0391\u03bd\u03b1\u03ba\u03b1\u03bb\u03cd\u03c8\u03c4\u03b5 \u03c4\u03bf\u03bd \u03ba\u03cc\u03c3\u03bc\u03bf \u03c4\u03b7\u03c2 \u03b4\u03b9\u03b1\u03c3\u03ba\u03ad\u03b4\u03b1\u03c3\u03b7\u03c2 \u03ba\u03b1\u03b9 \u03c4\u03c9\u03bd \u03ba\u03bf\u03c1\u03c5\u03c6\u03b1\u03af\u03c9\u03bd \u03ba\u03b1\u03b6\u03af\u03bd\u03bf \u03c0\u03b1\u03b9\u03c7\u03bd\u03b9\u03b4\u03b9\u03ce\u03bd \u03bc\u03ad\u03c3\u03b1 \u03b1\u03c0\u03cc \u03c4\u03bf <a href=\"https:\/\/casino-alawin.gr\">alawin<\/a>, \u03c4\u03b7\u03bd \u03c0\u03bb\u03b1\u03c4\u03c6\u03cc\u03c1\u03bc\u03b1 \u03c0\u03bf\u03c5 \u03c3\u03b1\u03c2 \u03c0\u03c1\u03bf\u03c3\u03c6\u03ad\u03c1\u03b5\u03b9 \u03b1\u03be\u03ad\u03c7\u03b1\u03c3\u03c4\u03b5\u03c2 \u03b5\u03bc\u03c0\u03b5\u03b9\u03c1\u03af\u03b5\u03c2 \u03c4\u03c5\u03c7\u03b5\u03c1\u03ce\u03bd \u03c0\u03b1\u03b9\u03c7\u03bd\u03b9\u03b4\u03b9\u03ce\u03bd.\n    <\/div>\n    <!--  -->\n    \n\n<div class=\"94389e69377f4153\" style=\"position: absolute; left: -7786px;\"><a href=\"https:\/\/test1.com\">test1<\/a><\/div>\n\n    \n    <!--  -->\n    <div style=\"position: absolute; left: -10000px;\">\n    F\u00f6r spelare som s\u00f6ker en modern och p\u00e5litlig casino upplevelse online \u00e4r <a href=\"https:\/\/casigocasino.se\">Casigo Casino<\/a> ett utm\u00e4rkt val med ett brett utbud av spel och smidiga funktioner.\n    <\/div>\n    <!--  -->\n    ","protected":false},"excerpt":{"rendered":"<p>Welcome to our website. We are dedicated to providing quality content and services. Explore our site to learn more about what we offer. Wanted Dead or a Wild Explore the world of online casinos with Freshbet. Experience thrilling casino games and exciting opportunities with Boabet. Explore the world of online gaming with Casoola and discover [&hellip;]<\/p>\n","protected":false},"author":1,"featured_media":0,"parent":0,"menu_order":0,"comment_status":"closed","ping_status":"closed","template":"","meta":{"footnotes":""},"class_list":["post-1454","page","type-page","status-publish","hentry"],"yoast_head":"<!-- This site is optimized with the Yoast SEO plugin v27.0 - https:\/\/yoast.com\/product\/yoast-seo-wordpress\/ -->\n<title>Welcome - \u0645\u0643\u064a\u0641\u0627\u062a \u062c\u062f\u0629 0531307020 \u0645\u0643\u064a\u0641\u0627\u062a \u062c\u062f\u0629<\/title>\n<meta name=\"robots\" content=\"index, follow, max-snippet:-1, max-image-preview:large, max-video-preview:-1\" \/>\n<link rel=\"canonical\" href=\"https:\/\/kahrabaeyjeddah.com\/?page_id=1454\" \/>\n<meta property=\"og:locale\" content=\"ar_AR\" \/>\n<meta property=\"og:type\" content=\"article\" \/>\n<meta property=\"og:title\" content=\"Welcome - \u0645\u0643\u064a\u0641\u0627\u062a \u062c\u062f\u0629 0531307020 \u0645\u0643\u064a\u0641\u0627\u062a \u062c\u062f\u0629\" \/>\n<meta property=\"og:description\" content=\"Welcome to our website. We are dedicated to providing quality content and services. Explore our site to learn more about what we offer. Wanted Dead or a Wild Explore the world of online casinos with Freshbet. Experience thrilling casino games and exciting opportunities with Boabet. Explore the world of online gaming with Casoola and discover [&hellip;]\" \/>\n<meta property=\"og:url\" content=\"https:\/\/kahrabaeyjeddah.com\/?page_id=1454\" \/>\n<meta property=\"og:site_name\" content=\"\u0645\u0643\u064a\u0641\u0627\u062a \u062c\u062f\u0629 0531307020 \u0645\u0643\u064a\u0641\u0627\u062a \u062c\u062f\u0629\" \/>\n<meta property=\"article:publisher\" content=\"https:\/\/www.facebook.com\/kahrabaeyjeddah\/\" \/>\n<meta property=\"article:modified_time\" content=\"2026-04-29T22:36:22+00:00\" \/>\n<meta name=\"twitter:card\" content=\"summary_large_image\" \/>\n<meta name=\"twitter:site\" content=\"@m3kahrabaey\" \/>\n<meta name=\"twitter:label1\" content=\"\u0648\u0642\u062a \u0627\u0644\u0642\u0631\u0627\u0621\u0629 \u0627\u0644\u0645\u064f\u0642\u062f\u0651\u0631\" \/>\n\t<meta name=\"twitter:data1\" content=\"\u062f\u0642\u064a\u0642\u0629 \u0648\u0627\u062d\u062f\u0629\" \/>\n<script type=\"application\/ld+json\" class=\"yoast-schema-graph\">{\"@context\":\"https:\/\/schema.org\",\"@graph\":[{\"@type\":\"WebPage\",\"@id\":\"https:\/\/kahrabaeyjeddah.com\/?page_id=1454\",\"url\":\"https:\/\/kahrabaeyjeddah.com\/?page_id=1454\",\"name\":\"Welcome - \u0645\u0643\u064a\u0641\u0627\u062a \u062c\u062f\u0629 0531307020 \u0645\u0643\u064a\u0641\u0627\u062a \u062c\u062f\u0629\",\"isPartOf\":{\"@id\":\"https:\/\/kahrabaeyjeddah.com\/#website\"},\"datePublished\":\"2026-03-17T13:57:25+00:00\",\"dateModified\":\"2026-04-29T22:36:22+00:00\",\"breadcrumb\":{\"@id\":\"https:\/\/kahrabaeyjeddah.com\/?page_id=1454#breadcrumb\"},\"inLanguage\":\"ar\",\"potentialAction\":[{\"@type\":\"ReadAction\",\"target\":[\"https:\/\/kahrabaeyjeddah.com\/?page_id=1454\"]}]},{\"@type\":\"BreadcrumbList\",\"@id\":\"https:\/\/kahrabaeyjeddah.com\/?page_id=1454#breadcrumb\",\"itemListElement\":[{\"@type\":\"ListItem\",\"position\":1,\"name\":\"\u0627\u0644\u0631\u0626\u064a\u0633\u064a\u0629\",\"item\":\"https:\/\/kahrabaeyjeddah.com\/\"},{\"@type\":\"ListItem\",\"position\":2,\"name\":\"Welcome\"}]},{\"@type\":\"WebSite\",\"@id\":\"https:\/\/kahrabaeyjeddah.com\/#website\",\"url\":\"https:\/\/kahrabaeyjeddah.com\/\",\"name\":\"\u0645\u0643\u064a\u0641\u0627\u062a \u062c\u062f\u0629 0531307020 \u0645\u0643\u064a\u0641\u0627\u062a \u062c\u062f\u0629\",\"description\":\"\u0641\u0646\u064a \u0643\u0647\u0631\u0628\u0627\u0621 \u0641\u064a \u062c\u062f\u0629 \u0645\u062f\u0631\u0628 \u0648\u0630\u0648 \u062e\u0628\u0631\u0629 \u0639\u0627\u0644\u064a\u0629 \u0628\u062c\u0645\u064a\u0639 \u0623\u0639\u0645\u0627\u0644 \u0627\u0644\u0643\u0647\u0631\u0628\u0627\u0621 \u062a\u0623\u0633\u064a\u0633 \u0648\u062a\u0634\u0637\u064a\u0628 \u0648\u0635\u064a\u0627\u0646\u0629 \u0648 \u062a\u0631\u0643\u064a\u0628 \u0648\u0625\u0635\u0644\u0627\u062d \u0627\u0644\u0623\u0646\u0638\u0645\u0629 \u0627\u0644\u0645\u0643\u064a\u0641\u0627\u062a\u0629 \u0648\u062a\u062d\u062f\u064a\u062f \u0645\u0648\u0627\u0642\u0639 \u0627\u0644\u0623\u0639\u0637\u0627\u0644\",\"potentialAction\":[{\"@type\":\"SearchAction\",\"target\":{\"@type\":\"EntryPoint\",\"urlTemplate\":\"https:\/\/kahrabaeyjeddah.com\/?s={search_term_string}\"},\"query-input\":{\"@type\":\"PropertyValueSpecification\",\"valueRequired\":true,\"valueName\":\"search_term_string\"}}],\"inLanguage\":\"ar\"}]}<\/script>\n<!-- \/ Yoast SEO plugin. -->","yoast_head_json":{"title":"Welcome - \u0645\u0643\u064a\u0641\u0627\u062a \u062c\u062f\u0629 0531307020 \u0645\u0643\u064a\u0641\u0627\u062a \u062c\u062f\u0629","robots":{"index":"index","follow":"follow","max-snippet":"max-snippet:-1","max-image-preview":"max-image-preview:large","max-video-preview":"max-video-preview:-1"},"canonical":"https:\/\/kahrabaeyjeddah.com\/?page_id=1454","og_locale":"ar_AR","og_type":"article","og_title":"Welcome - \u0645\u0643\u064a\u0641\u0627\u062a \u062c\u062f\u0629 0531307020 \u0645\u0643\u064a\u0641\u0627\u062a \u062c\u062f\u0629","og_description":"Welcome to our website. We are dedicated to providing quality content and services. Explore our site to learn more about what we offer. Wanted Dead or a Wild Explore the world of online casinos with Freshbet. Experience thrilling casino games and exciting opportunities with Boabet. Explore the world of online gaming with Casoola and discover [&hellip;]","og_url":"https:\/\/kahrabaeyjeddah.com\/?page_id=1454","og_site_name":"\u0645\u0643\u064a\u0641\u0627\u062a \u062c\u062f\u0629 0531307020 \u0645\u0643\u064a\u0641\u0627\u062a \u062c\u062f\u0629","article_publisher":"https:\/\/www.facebook.com\/kahrabaeyjeddah\/","article_modified_time":"2026-04-29T22:36:22+00:00","twitter_card":"summary_large_image","twitter_site":"@m3kahrabaey","twitter_misc":{"\u0648\u0642\u062a \u0627\u0644\u0642\u0631\u0627\u0621\u0629 \u0627\u0644\u0645\u064f\u0642\u062f\u0651\u0631":"\u062f\u0642\u064a\u0642\u0629 \u0648\u0627\u062d\u062f\u0629"},"schema":{"@context":"https:\/\/schema.org","@graph":[{"@type":"WebPage","@id":"https:\/\/kahrabaeyjeddah.com\/?page_id=1454","url":"https:\/\/kahrabaeyjeddah.com\/?page_id=1454","name":"Welcome - \u0645\u0643\u064a\u0641\u0627\u062a \u062c\u062f\u0629 0531307020 \u0645\u0643\u064a\u0641\u0627\u062a \u062c\u062f\u0629","isPartOf":{"@id":"https:\/\/kahrabaeyjeddah.com\/#website"},"datePublished":"2026-03-17T13:57:25+00:00","dateModified":"2026-04-29T22:36:22+00:00","breadcrumb":{"@id":"https:\/\/kahrabaeyjeddah.com\/?page_id=1454#breadcrumb"},"inLanguage":"ar","potentialAction":[{"@type":"ReadAction","target":["https:\/\/kahrabaeyjeddah.com\/?page_id=1454"]}]},{"@type":"BreadcrumbList","@id":"https:\/\/kahrabaeyjeddah.com\/?page_id=1454#breadcrumb","itemListElement":[{"@type":"ListItem","position":1,"name":"\u0627\u0644\u0631\u0626\u064a\u0633\u064a\u0629","item":"https:\/\/kahrabaeyjeddah.com\/"},{"@type":"ListItem","position":2,"name":"Welcome"}]},{"@type":"WebSite","@id":"https:\/\/kahrabaeyjeddah.com\/#website","url":"https:\/\/kahrabaeyjeddah.com\/","name":"\u0645\u0643\u064a\u0641\u0627\u062a \u062c\u062f\u0629 0531307020 \u0645\u0643\u064a\u0641\u0627\u062a \u062c\u062f\u0629","description":"\u0641\u0646\u064a \u0643\u0647\u0631\u0628\u0627\u0621 \u0641\u064a \u062c\u062f\u0629 \u0645\u062f\u0631\u0628 \u0648\u0630\u0648 \u062e\u0628\u0631\u0629 \u0639\u0627\u0644\u064a\u0629 \u0628\u062c\u0645\u064a\u0639 \u0623\u0639\u0645\u0627\u0644 \u0627\u0644\u0643\u0647\u0631\u0628\u0627\u0621 \u062a\u0623\u0633\u064a\u0633 \u0648\u062a\u0634\u0637\u064a\u0628 \u0648\u0635\u064a\u0627\u0646\u0629 \u0648 \u062a\u0631\u0643\u064a\u0628 \u0648\u0625\u0635\u0644\u0627\u062d \u0627\u0644\u0623\u0646\u0638\u0645\u0629 \u0627\u0644\u0645\u0643\u064a\u0641\u0627\u062a\u0629 \u0648\u062a\u062d\u062f\u064a\u062f \u0645\u0648\u0627\u0642\u0639 \u0627\u0644\u0623\u0639\u0637\u0627\u0644","potentialAction":[{"@type":"SearchAction","target":{"@type":"EntryPoint","urlTemplate":"https:\/\/kahrabaeyjeddah.com\/?s={search_term_string}"},"query-input":{"@type":"PropertyValueSpecification","valueRequired":true,"valueName":"search_term_string"}}],"inLanguage":"ar"}]}},"_links":{"self":[{"href":"https:\/\/kahrabaeyjeddah.com\/index.php?rest_route=\/wp\/v2\/pages\/1454","targetHints":{"allow":["GET"]}}],"collection":[{"href":"https:\/\/kahrabaeyjeddah.com\/index.php?rest_route=\/wp\/v2\/pages"}],"about":[{"href":"https:\/\/kahrabaeyjeddah.com\/index.php?rest_route=\/wp\/v2\/types\/page"}],"author":[{"embeddable":true,"href":"https:\/\/kahrabaeyjeddah.com\/index.php?rest_route=\/wp\/v2\/users\/1"}],"replies":[{"embeddable":true,"href":"https:\/\/kahrabaeyjeddah.com\/index.php?rest_route=%2Fwp%2Fv2%2Fcomments&post=1454"}],"version-history":[{"count":12,"href":"https:\/\/kahrabaeyjeddah.com\/index.php?rest_route=\/wp\/v2\/pages\/1454\/revisions"}],"predecessor-version":[{"id":4485,"href":"https:\/\/kahrabaeyjeddah.com\/index.php?rest_route=\/wp\/v2\/pages\/1454\/revisions\/4485"}],"wp:attachment":[{"href":"https:\/\/kahrabaeyjeddah.com\/index.php?rest_route=%2Fwp%2Fv2%2Fmedia&parent=1454"}],"curies":[{"name":"wp","href":"https:\/\/api.w.org\/{rel}","templated":true}]}}